*g = 3*x - 2842. Suppose 7*o - 4481 = -x. List the prime factors of o.
2, 11, 23
List the prime factors of (-8)/(-10) + (-6702754)/(-295).
2, 3, 7, 541
Let r = 18050 + -10118. What are the prime factors of r?
2, 3, 661
Let t(g) = 11*g + 176. Let x be t(-16). Suppose x = 2*o + z - 1335, -z - 2015 = -3*o - 0*z. What are the prime factors of o?
2, 5, 67
Let t(m) = -4*m**3 + 14*m**2 + m + 2. Suppose 2*v - 20 = 4*w, -w + 5*v - 26 = 3*w. List the prime factors of t(w).
2, 239
Suppose 71*v = 35*v + 21132. What are the prime factors of v?
587
List the prime factors of 3*14090 + 226 + -224.
2, 1321
Let q(p) be the second derivative of p**4/6 + 8*p**3/3 + 15*p**2/2 + 96*p. What are the prime factors of q(-13)?
5, 29
Let t = -31 - -35. Suppose 8*b = t*b - 80. List the prime factors of (-497)/(-35) - (-4)/b.
2, 7
Suppose -110*n - 8094 = -129*n. List the prime factors of n + (4 - -4) - -8.
2, 13, 17
Suppose -3*i = -g + 3989, g + 2*i = 4220 - 211. List the prime factors of g.
4001
Let t(u) = u**3 - 15*u**2 - 33*u - 18. Let o be t(17). Let z be (2/2)/(o/(-9) + 0). What are the prime factors of (z/(-27))/(1/(-183))?
61
Let f(g) = -373*g - 3648. What are the prime factors of f(-27)?
3, 2141
Let x = -648 + 652. Suppose 0 = -4*o + y + 4643, -x*o - 2*y + 362 + 4296 = 0. What are the prime factors of o?
2, 7, 83
Let z(b) = -36*b - 26. Suppose w = 2*w + 20. Let q be z(w). Suppose 236 = 6*a - q. List the prime factors of a.
5, 31
Let o(y) = -39*y + 290. Let g be o(8). Let c(a) = -a**3 - 21*a**2 - 10*a + 43. What are the prime factors of c(g)?
3, 83
Suppose 30*w - 18*w - 6528 = 0. Let t = w - 49. List the prime factors of t.
3, 5, 11
Let o(r) = r**3 + 9*r**2 + 2*r - 5. Let k be o(-7). Let y = k - 50. Let b = y - -85. What are the prime factors of b?
2, 3, 19
Suppose -2*v = -3*o - 999 - 668, 3*o - v + 1669 = 0. Let g = o - -348. Let m = -102 - g. List the prime factors of m.
107
Let k = 567 - 411. List the prime factors of (k/15 - 6)/(1/210).
2, 3, 7, 11
Let z = -60 - 216. Let h = 680 + z. List the prime factors of h.
2, 101
Let f(l) = 215*l**2 - 10*l - 26. Let c be f(-4). Suppose 0 = -17*n + 932 + c. What are the prime factors of n?
2, 3, 43
Let g = -346 - -61. Let k = 76 - g. List the prime factors of k.
19
Let x(r) = 90*r**2 - 370*r - 1826. List the prime factors of x(-5).
2, 3, 379
What are the prime factors of 38124*(-4 + ((-27)/15)/((-6)/15))?
2, 3, 353
Let x = -6 + 11. Let j(n) = 2 - 14 + 13*n + 8*n - x*n. What are the prime factors of j(6)?
2, 3, 7
Let i be (4/5)/(14/28210). Let b(w) = 3*w**2 - 33*w - 322. Let k be b(35). Suppose i + k = 15*t. What are the prime factors of t?
2, 127
Let x(v) = v**2 - 4*v - 7. Suppose 22 = 3*l + 7. Let b be x(l). List the prime factors of (-639)/(-18)*(-1)/(b/4).
71
Suppose 0*j = -2*f - 2*j + 16, 70 = 5*f - 5*j. Suppose d - 2 - 7 = p, 3*d - f = -p. List the prime factors of 2/(-1 + 0)*166/p.
83
Suppose 0 = c + 3*n - 34240, -4*c + 52*n - 47*n + 136994 = 0. List the prime factors of c.
2, 17123
Let q(y) = 13*y + 81. Let m be q(-6). Suppose -183 = -u + m*i + 2*i, 4*u = -i + 732. What are the prime factors of u?
3, 61
Let x(n) = 4*n**2 - 2*n - 7. Let i = -30 + 26. Let v be x(i). What are the prime factors of 10/v - (1 + (-3387)/39)?
2, 43
Let j(w) = 1. Let p(m) = 2*m - 6. Let q(d) = 3*j(d) + p(d). Let t be q(-6). What are the prime factors of 24/(-30) + (-417)/t?
3
Let o(z) = 1781*z**3 - z**2 + z - 1. Let y be o(1). Suppose y = 51*p - 47*p. List the prime factors of p.
5, 89
Let g(k) = 51*k**2 - 153*k - 3688. What are the prime factors of g(-25)?
2, 53, 151
List the prime factors of 14 - 5220/375 - (-200146)/50.
4003
Suppose 0 = n + n + 24. Let o be 36/(-8)*(-112)/n. What are the prime factors of 0 + -3 - -3 - o?
2, 3, 7
Suppose -6*i + 142 = -62. Let x(h) = -h**3 - 8*h**2 - 7*h + 7. Let r be x(-7). What are the prime factors of ((i*r)/(-2))/(-1)?
7, 17
Let u = 107839 + -76363. What are the prime factors of u?
2, 3, 43, 61
List the prime factors of (-14)/70*5*-7099.
31, 229
Suppose -w + u + 7 = -0*u, 0 = -2*w + 4*u + 6. Suppose -w*z = 340 - 1616. List the prime factors of z.
2, 29
Let b(d) = 2*d - 5*d**2 + d**3 - 6*d + 0*d**3 + 10 - 18. What are the prime factors of b(7)?
2, 31
Let i = -260 - -264. Suppose 725 = k + f - 6*f, i*k - 4*f - 2948 = 0. List the prime factors of k.
2, 5, 37
Suppose -3*t = -4*n - 20146, t + 96*n = 98*n + 6714. What are the prime factors of t?
2, 3359
Let u(g) = -18731*g + 143. List the prime factors of u(-1).
2, 9437
Let v be (-16)/(-28)*(-17)/((-68)/112). What are the prime factors of ((-5956)/28)/(-1) - v/(-56)?
3, 71
Let m = 213 - -5934. What are the prime factors of m?
3, 683
Let j = 3590 + 734. List the prime factors of j.
2, 23, 47
Suppose -10*i + 9*i + 8 = 0. What are the prime factors of 895 - -6 - i - 3/(-1)?
2, 7
Suppose -3*h + 3*m = -17010, -6*h = 5*m + 5638 - 39614. List the prime factors of h.
2, 2833
Suppose -5*z - 5*y - 15 = -0, 2*z - y = 9. Suppose -z*m + 54 = 4*f, -4*m = -0*f - f. Suppose -2*b - 2*b = -f, 2*b - 54 = -3*w. List the prime factors of w.
2
Let t be (2 + 5 - 0) + 12/12. Suppose -2*f - 4 = -t. What are the prime factors of f/(-8) - 5/(80/(-2084))?
2, 5, 13
Let k be 225/(-30)*(-2)/3. Suppose -k*z + 2482 = 3*x, -3*x - 897 = 3*z - 2391. List the prime factors of z.
2, 13, 19
Suppose -6283 + 26457 = -d + 3*d. List the prime factors of d.
7, 11, 131
Suppose -7*t - 14 = -6*t. Let d be (-13444)/(-14) + (24/t)/6. Suppose 2*w = 3*k - 12 - 566, 5*k - d = 4*w. What are the prime factors of k?
2, 7
Suppose 0 = -3*y + 2*y. Suppose 5*k + 9 = -21, 2*j - 672 = 2*k. Suppose -i - 4*i + j = y. List the prime factors of i.
2, 3, 11
Suppose 61*o - 34 = 78*o. List the prime factors of 2*(-5)/o - (0 + -1146).
1151
Let s(y) = y**3 - 11*y**2 + 11*y + 13. Let v(n) = -n**2 - 1. Let r(x) = -s(x) - 5*v(x). Let t be r(10). What are the prime factors of t/4 + -1 + (-3)/(-6)?
2, 3, 5
Let g(q) = 441*q**2 + 506*q - 3014. What are the prime factors of g(6)?
2, 7949
Let y = 272 + -203. Suppose 606 = 9*o - y. List the prime factors of o.
3, 5
Let o = 594 + 6433. List the prime factors of o.
7027
Let m = 7643 + -2643. List the prime factors of m.
2, 5
Let l(b) = 12*b - 119. Let f be l(26). Let w = f - -427. What are the prime factors of w?
2, 5, 31
Suppose 0 = -3*y + 2*y + 3. Let k be (-2 - (-1)/1)*-55. Suppose k = -2*b - 5*h + 506, -y*b + 673 = 4*h. List the prime factors of b.
223
What are the prime factors of 11 - 60/5 - 46108/((-4)/1)?
2, 3, 17, 113
Let s be 515338/187 + 6/33. Suppose 46*g - 4236 = s. List the prime factors of g.
2, 19
Suppose -2*q = -3*z - 20109, -28*q + 30*q = z + 20111. What are the prime factors of q?
2, 3, 419
Let u(v) = -v**2 - 2*v + 19. Let b be u(-5). Suppose 15*c + 3144 = b*m + 12*c, -5*m + 2*c = -3923. What are the prime factors of m?
3, 29
Let x(h) = 208*h - 36. Let j(a) = -a**3 - 22*a**2 + 74*a - 23. Let z be j(-25). What are the prime factors of x(z)?
2, 5, 19
Suppose -3*q - 5*r - 7 = -9*r, -q + 7 = r. Suppose 9*j - 1560 = -q*j. List the prime factors of j.
2, 5, 13
Let j(t) = 2286*t + 530. What are the prime factors of j(5)?
2, 5, 13, 23
Let b be 21/49*21*2/3. Let i(m) = 10*m**3 + m - 1. Let w be i(2). Suppose b*f - w = 3*f. List the prime factors of f.
3
Suppose -3*j + 125 = 2*q, 4*j + 2*q + 0*q = 170. Suppose -21*s + j*s = 37368. List the prime factors of s.
3, 173
Let d = 24814 + -6030. List the prime factors of d.
2, 587
Let h(r) = 2*r**2 + 13*r + 57. Let y be h(-17). Suppose 22*o - 19*o = y. List the prime factors of o.
2, 3, 23
Suppose -277901 = -4*n - r, -4*n - 5*r - 24754 = -302643. List the prime factors of n.
2, 11, 1579
Let b = 21962 - 3176. List the prime factors of b.
2, 3, 31, 101
Let u(v) = 5*v**2 - 4*v + 14. Let x(w) = -w**2 + 7*w - 15. Suppose 3*z = 3*i + 18, 0*z - z - i + 4 = 0. Let l be x(z). List the prime factors of u(l).
3, 53
Suppose 0 = -21*f + 10*f + 266640. Suppose -3*q = -11*q + f. List the prime factors of (q/(-75))/((-4)/10).
101
Suppose 3*a + 5*d - 15 - 16 = 0, -a + 2*d = 8. Let t(i) = 9*i + 8*i**a + 9 - 3*i - 6*i. What are the prime factors of t(-4)?
137
Let z(o) = 569*o**2 + 115*o - 866. What are the prime factors of z(7)?
2, 5, 13, 107
Suppose -2*a - 92196 = -3*i - 8*a, 5*i = -4*a + 153648. List the prime factors of i.
2, 23, 167
Suppose -a + 6*